 4*n = 20 - 107, -3*s + 5*n + 90 = 0. What is the remainder when s is divided by 14?
11
Suppose -3 + 1 = -2*r. Let w be (2 - -17 - 0) + r. Suppose u + 0*u - h = w, 0 = -4*u + h + 65. Calculate the remainder when 29 is divided by u.
14
Calculate the remainder when 45 is divided by (23/(-5))/(4 - (-84)/(-20)).
22
Let l = 16 - 31. Let h = 28 + l. Calculate the remainder when h is divided by 5.
3
Suppose 5*v = -4*w + 2 + 648, 4*v - 2*w - 494 = 0. Calculate the remainder when v is divided by 26.
22
Suppose -n - 4 = -1, -2*x = -3*n - 45. What is the remainder when 53 is divided by (-64)/(-6) - (-6)/x?
9
Let h be ((-32)/3)/((-4)/12). Suppose 38 = 5*q - h. Let o(m) = 41*m**2 - 1. What is the remainder when o(1) is divided by q?
12
Suppose 2*m - 21 + 5 = 2*q, m = 5*q + 16. Suppose r = 3*l + 32, 0 = -4*r + l - m*l + 77. Calculate the remainder when 67 is divided by r.
21
Let w(h) = -h**2 - 10*h - 10. What is the remainder when w(-6) is divided by 4?
2
Suppose 0 = -4*b + d + 4*d + 149, 3*b = -d + 88. Calculate the remainder when b is divided by 17.
14
Let g(r) = r - 5. Let p be (2 + 0)*(-1)/1. Let w = 0 - p. What is the remainder when g(7) is divided by w?
0
Let q be ((-6)/(-1))/(5 + -6). Let v = q + 28. What is the remainder when v is divided by 8?
6
Suppose 2*m + 0*m - 132 = 0. What is the remainder when m is divided by 18?
12
Suppose a + 3 = 0, 0 = -2*n + 5*a - a + 118. Calculate the remainder when n is divided by 11.
9
Let f = -4 + 7. Let o(s) = -f*s**2 + s**2 + 3*s + s**3 - 1 - s**2. What is the remainder when 31 is divided by o(3)?
7
Let k(f) = f + 19. What is the remainder when k(3) is divided by 8?
6
Let f = -71 - -110. Calculate the remainder when f is divided by (2/(-6) - 5/3)*-7.
11
Let z(b) = 2*b - 27. What is the remainder when 19 is divided by z(17)?
5
Let c(s) = s + 37. What is the remainder when 225 is divided by c(-25)?
9
Let i(u) = 4*u**3 - 4*u**2 + 3*u - 1. What is the remainder when i(2) is divided by 6?
3
Let i = -19 - -26. Calculate the remainder when i is divided by 4.
3
Suppose -61*z = -59*z - 12. What is the remainder when 14 is divided by z?
2
Suppose 5*v = -0*v + 520. Calculate the remainder when v is divided by 15.
14
Let z be 2 + 0 + -1 + 5. Suppose -2*o = -3*b + z, -5*o + 1 + 2 = -3*b. Suppose d - 4*d - 7 = -a, 0 = 2*d - b. What is the remainder when 24 is divided by a?
11
Let b(u) = u**3 + 10*u**2 + 6*u - 3. Let o(s) = 12*s - 4. Calculate the remainder when b(-8) is divided by o(2).
17
Suppose 0 = -6*g + 105 - 9. Calculate the remainder when 79 is divided by g.
15
Let f(z) = -z + 2. Let p be f(4). Suppose 5*l + 20 = 0, -5*d - 7 = -4*l - 58. What is the remainder when (-124)/(-10) + p/5 is divided by d?
5
Suppose 3*f = 2*c - 48, 0 = -c + 3*f + 2*f + 31. What is the remainder when c is divided by 2 - ((-36)/(-10))/((-24)/60)?
10
Suppose -y = 2*y - 12. Let s = -11 + 51. Suppose -y*j = -0 - s. What is the remainder when 28 is divided by j?
8
Let o(j) = -j**2 - 8*j - 3. Suppose 10 = -4*f - f. What is the remainder when 150/(-9)*3/f is divided by o(-6)?
7
Suppose b = -3*b - 8. What is the remainder when (140/(-8))/(1/b) is divided by 9?
8
Let v be ((-18)/(-21))/((-2)/308). Let c(q) = q**2 - 2*q - 3. What is the remainder when c(-5) is divided by ((-4)/6)/(8/v)?
10
Let w(u) = -3*u + 4. Suppose v - 195 = -4*g, 0*g + 5*g - 241 = -4*v. What is the remainder when g is divided by w(-3)?
10
Let y(b) = b**3 + 5*b**2 - 9*b - 5. Suppose 6*f - 2*f - 84 = 0. What is the remainder when y(-5) is divided by f?
19
Let w = -29 + 33. Calculate the remainder when 5 is divided by w.
1
Let v(i) = 3*i**3 - 4*i**2 + 2*i + 2. Let y = -20 + 46. Calculate the remainder when y is divided by v(2).
12
Let y = -46 - -72. What is the remainder when 102 is divided by y?
24
Suppose 5*m - c - 4 - 5 = 0, 0 = 5*m - 3*c - 7. Suppose 14 + m = 4*y. Let a = 12 - y. Calculate the remainder when 14 is divided by a.
6
Suppose 3*b - 147 = c + 4*c, -2*b - 4*c = -120. Calculate the remainder when b is divided by 23.
8
Suppose 0*r + 11 = r. What is the remainder when -2 + 2 - -3 - (1 + -30) is divided by r?
10
What is the remainder when 74 is divided by (-832)/(-22) + 8/44?
36
Let j = -48 + 81. Calculate the remainder when 64 is divided by j.
31
Suppose -5*r + 14 + 6 = 0. Suppose -3*n + 2*f = -8, -3 = 4*n - 5*f - 2. Calculate the remainder when n is divided by r.
2
Calculate the remainder when 83 is divided by ((-85)/(-10))/(5/10).
15
Suppose p = -2*p + 15. Let i(n) = 5*n + 5. Suppose 0 = 4*l + 4*h - 60, 0 = l + l - 3*h - 35. Calculate the remainder when i(p) is divided by l.
14
Let n(c) = -c**3 + 4*c**2 + 9*c - 5. Let b be n(6). Let o = -6 - b. Calculate the remainder when o is divided by 7.
3
Suppose 5*r - 4*u - 36 = 2*r, -r + u + 12 = 0. What is the remainder when (0 + (48 - 1))*1 is divided by r?
11
Suppose 0 = -0*g + 4*g - 5*r - 302, 0 = -5*g + 3*r + 371. Let v = -29 + g. Suppose 3*b - v = -b. Calculate the remainder when 32 is divided by b.
10
Let m be (-10)/(-3)*(-18)/(-12). Suppose -2*n - m*u + 34 = -10*u, -2*u - 16 = -n. What is the remainder when n is divided by 7?
5
Suppose -o - 94 = -x - 4*o, 2*x = -2*o + 196. Let t = 147 - x. What is the remainder when t is divided by 12?
11
Let b = 37 - 33. What is the remainder when (-4)/(-6) - (-25)/3 is divided by b?
1
Suppose 5*q - 2*c = 52, -5*c + 9 = 4*q - 26. Let k(t) = t**3 + 19*t**2 - 20*t + 19. What is the remainder when k(-20) is divided by q?
9
Let t(f) = 5*f**3 + 4*f**2 - 9. Let i(o) = o**3 + o**2 - 2. Let y(s) = -18*i(s) + 4*t(s). What is the remainder when 23 is divided by y(2)?
7
Let k = 15 + -1. Suppose 2*u + k = 3*u. What is the remainder when 78/(-4)*12/(-9) is divided by u?
12
Let t = 49 - 12. Suppose 2*o + 13 = -t. Let g = o - -43. What is the remainder when 35 is divided by g?
17
Let v(l) = -l**2 + 5*l - 4. Let x be v(4). Suppose 0 = -2*u - x*u + 4. Let h(d) = -d**2 - 6*d - 4. What is the remainder when h(-4) is divided by u?
0
Let f = 60 - 47. What is the remainder when 62 is divided by f?
10
Suppose -4*f + 7 = f + 2*v, -4*v = f - 5. Let p be 195/(-10) + f/(-2). What is the remainder when 12 is divided by (p/8)/((-2)/4)?
2
Let j(q) = 2*q**2 + 14*q + 12. Calculate the remainder when 55 is divided by j(-8).
27
Let q(t) = -t**2 - 3*t + 1. Calculate the remainder when 12 is divided by q(-2).
0
Let h(x) = 3*x**2 - 2*x - 1. Calculate the remainder when 59 is divided by h(-2).
14
Suppose -13 = 4*g - 45. Let n = g + -6. Calculate the remainder when (-2)/4*-4 - -2 is divided by n.
0
Let s(o) = -o - 5. Let h be s(4). Calculate the remainder when 4*(54/8 - -4) is divided by 202/18 - (-2)/h.
10
What is the remainder when 11 is divided by (((-9)/(-4))/(-9))/((-1)/12)?
2
Suppose 5*h = 9 + 81. Calculate the remainder when 33 is divided by h.
15
Let n(u) = u**2 + u - 6. Let d be n(-3). What is the remainder when -2 + d + 1 + 8 is divided by 3?
1
Suppose -g = -5*g + 40. Suppose -g - 3 = -t. Calculate the remainder when t is divided by 4.
1
Suppose u + 2*u - 93 = 0. Calculate the remainder when u - 0*2/(-6) is divided by 11.
9
Let h = 161 - 97. What is the remainder when h is divided by 22?
20
Suppose 4*f - 8 = -0*f. Calculate the remainder when 6 is divided by f.
0
Suppose -7*m = -3*m - 5*b - 98, 0 = -3*m - 5*b + 56. What is the remainder when m is divided by 12?
10
Let y(n) = -11*n**2 + 1. Let x be y(1). Let h = -60 - -101. Calculate the remainder when h is divided by x/(-2)*42/15.
13
Calculate the remainder when (21/14)/((-9)/(-186)) is divided by 17.
14
Suppose 0 = q + q - 4. Calculate the remainder when (-30)/(-4) + 2/(-4) is divided by q.
1
Let r(t) = 4*t**2 + 9*t - 1. Calculate the remainder when r(-3) is divided by 7.
1
Suppose 4*k = -k - 10. Let r be -122*-1*k/(-4). Suppose 0 = 5*z + 2*g - 0*g - 57, r = 5*z + g. What is the remainder when z is divided by 7?
6
Let m = 20 - 14. Suppose -6*c + 2*c + 84 = 4*s, -2*c + s = -48. Calculate the remainder when c is divided by m.
5
Suppose -1 - 1 = -2*g. Let k be 0/g + 34 + 2. Suppose -2*r + 5*r = k. Calculate the remainder when 22 is divided by r.
10
Suppose 85 = 2*m - 27. Let n = m - 18. Calculate the remainder when n is divided by 1/((-3)/117*-3).
12
Let u(s) = -100*s**3 - 2*s**2 - 4*s - 2. Calculate the remainder when u(-1) is divided by 26.
22
Let b = 1 - -4. Suppos